= -25. What is the units digit of y?
5
Let q = -4 + 2. Let s(r) = -2*r**3 - 4*r**2 - 3*r. Let k be s(q). What is the tens digit of 60/9*k/4?
1
Let u(m) = 3*m**2 + 30*m - 20. What is the units digit of u(-15)?
5
Suppose -25 + 78 = w + 4*u, -2*w = -3*u - 73. What is the tens digit of w?
4
Suppose -3*u + 5 = -1. Suppose 4*w - u - 2 = 0. Suppose -r = 1, 5*r - 6 = -2*d - w. What is the units digit of d?
5
Let l(t) = t - 5. Let o be l(5). Let v(p) = -3*p + 13. Let i be v(4). Let a = i + o. What is the units digit of a?
1
Let c(t) = 4 - 3 - 2 + t. Let r be c(4). Suppose r = 2*v - 1. What is the units digit of v?
2
Let b(i) = 7*i**3 - i**2 - 13*i + 2. Let y(d) = -6*d**3 + 2*d**2 + 12*d - 2. Let o(x) = -5*b(x) - 6*y(x). What is the tens digit of o(8)?
1
Let l = 16 + -12. What is the units digit of 2/l*(0 + 2)?
1
What is the units digit of 2/12 + (-4730)/(-60)?
9
Let z(v) = -5*v - 3*v**3 + 6*v + 4*v**3 - 1. Let m be z(1). What is the tens digit of m/(-2)*0 + 14?
1
Let r be -4*(3 + (-14)/4). Suppose 4*d = r*d - 3*n + 35, -2 = d - 5*n. What is the tens digit of d?
1
Suppose 5*t = 4*t + 22. Suppose 4*s - 8 = -4*y - 0*y, 3*s - y = t. What is the units digit of s?
6
Let t = 10 + -7. Let l(k) = k + 1. Let x be l(5). Suppose 3*g - x = t*s, 16 = g + 5*s - 16. What is the units digit of g?
7
Suppose -3*s = -4*l - 11, l = -2*l - 6. Let m be (1/(-3))/((-7)/63). What is the units digit of m - (s - 2/1)?
4
Let j = 4 + 0. Suppose -s = j*s - 10. Suppose 3*h + 2*k = 18, 30 = 5*h + 7*k - s*k. What is the units digit of h?
6
Suppose -31 = m - 5*d, 8 = -m - d - 5. Let v = -8 - m. What is the units digit of v?
8
Suppose 4*u + 52 = 2*l - 106, 5*u = -2*l + 122. Let t = -48 + l. What is the tens digit of t?
2
What is the hundreds digit of 1*(-3)/(-1) - (-97 - 4)?
1
Let w = 4 + -3. What is the units digit of (-1 - w)/(-2) + 2?
3
Let a(r) be the second derivative of 2*r**3/3 - 9*r**2/2 - 2*r. What is the tens digit of a(8)?
2
Let v(s) = s. Let n be v(-1). Let o = 13 + -13. Let w = o - n. What is the units digit of w?
1
Let z be ((-6)/(-8))/(8/32). Suppose z*j - 90 = -2*j. What is the units digit of j?
8
Suppose 3*p = 5*j + 119 - 37, p - 5*j = 44. What is the tens digit of p?
1
Suppose -c + 2 = -2. Suppose c*h - 5 = 3. Suppose -h = -q + 5. What is the units digit of q?
7
Let s = -3 + 12. What is the tens digit of (-60)/(-2) + (-18)/s?
2
Let l(y) = y**2 - 7*y - 1. Let n be l(3). Let z = 3 - n. What is the tens digit of z?
1
Let b = 3 + 0. Suppose -b*f + 7 = -4*f. What is the units digit of f + 23 - (-1 - -4)?
3
What is the tens digit of 10/25 + (-459)/(-15)?
3
Let b(s) = 18*s. Let d be b(-1). Let y be d/4 + (-3)/(-2). What is the units digit of (-3 + 0 - -2)*y?
3
Let f(a) = -a**3 - a**2 + 2*a + 14. What is the tens digit of f(-6)?
8
Let a be ((-6)/7)/(2/(-14)). Let b be (-2)/(-3) - (-68)/a. Let x = 1 + b. What is the tens digit of x?
1
Let w(t) = -t. Let i be w(6). Let q(s) = 2*s - 5. Let f(r) = 10*r - 24. Let h(b) = -3*f(b) + 14*q(b). What is the units digit of h(i)?
4
Let b = -28 - -79. Suppose 2*m + 3*g - b = 0, -m + 3*g = 2*m - 54. What is the units digit of m?
1
Let l(u) be the first derivative of u**5/40 - 4*u**3/3 + 2. Let j(v) be the third derivative of l(v). What is the units digit of j(1)?
3
Suppose 231 + 364 = 5*b. What is the tens digit of b?
1
Let i be 3/6*(-4 - -10). Suppose -4*x + 117 = -0*x + i*s, -5*s = 3*x - 96. What is the tens digit of x?
2
Suppose 3*z + 0*y = 3*y - 15, 3*z - 2*y + 10 = 0. Let u = -4 + z. Let g = 4 - u. What is the units digit of g?
8
Suppose -g = -3*s - 8, 0 = -5*s - 1 - 4. Suppose g*m + 36 = 6*m. What is the tens digit of m?
3
Let v(s) = -4*s**2 + 2*s + 1. Let y be v(-1). Let l(a) = a**2 + 5*a - 2. Let n be l(y). Let h = n + 4. What is the units digit of h?
2
What is the tens digit of ((-450)/(-27))/((-2)/(-24))?
0
Let h = 37 - -15. What is the tens digit of h?
5
Let h(a) = -67*a - 10. What is the tens digit of h(-2)?
2
Let z(v) = v**3 + 15*v**2 + 26*v + 3. What is the units digit of z(-12)?
3
Let t be (-16)/6*(-27)/12. Suppose -8*o - t = -9*o. What is the units digit of o?
6
What is the tens digit of (-51 + -1)*126/(-28)?
3
Suppose -11*z + 7*z = 72. Let w = 0 - z. What is the units digit of w?
8
Suppose 4*f - 3 = -2*h + 3, 0 = 2*f - 5*h - 9. Suppose -f*q + 52 = -38. What is the units digit of q?
5
Let z(q) = 11*q**3 - 2*q**2 + 2*q - 1. Let o be (-1)/2 - (-15)/10. What is the units digit of z(o)?
0
Let c(a) = -3*a + 25. What is the units digit of c(7)?
4
Let b(o) = -2*o + 9. What is the tens digit of b(-2)?
1
Suppose -4*a + 2*a = -5*u + 13, -3*u + 10 = a. Let j be a/4 + (-11)/(-4). Let c = 0 + j. What is the units digit of c?
3
Suppose -f + 50 = 4*u, 66 = 4*u - 4*f + 26. Let q = 23 - 16. Let v = u - q. What is the units digit of v?
5
Suppose 5*a + 358 = -0*i + 3*i, 0 = -4*a + 16. What is the units digit of i?
6
What is the tens digit of (-200)/6*(-6)/4?
5
Let b(g) = -1 + 2*g - 7 - 1. Let n be 0 - 1 - -7*1. What is the units digit of b(n)?
3
Suppose 0 = h + h + o - 27, -4*h + o + 51 = 0. Let m = 24 - h. What is the units digit of m?
1
Let t(z) = 8*z**2 + z. Let i(d) = -2*d - 9. Let c(l) = -l - 8. Let x(a) = -3*c(a) + 2*i(a). Let w be x(7). What is the units digit of t(w)?
7
Let w be 3/(-6) + (-34)/(-4). Suppose 0 = -2*d + w + 32. What is the tens digit of d?
2
Let h = -12 + 19. What is the units digit of h?
7
Suppose 3*q = 74 + 43. Let a = q - 17. What is the units digit of a/(-2)*(2 - 3)?
1
Suppose -4*q + 282 = -2*c, -5*q + 0*c = 4*c - 346. Suppose -6*d = -d - q. What is the units digit of d?
4
Suppose -1 = 2*k + 7, 62 = 2*f + 2*k. What is the units digit of f?
5
Let b = -3 + -4. Let d = -6 - b. Let l = d + 5. What is the units digit of l?
6
Suppose z - 12 = 5*z + 4*v, 5*z - 2*v + 1 = 0. Let s(j) = -j + 5. Let x be s(8). What is the units digit of 68/12 + z/x?
6
Let u be 1*-1 - (-1 + -8). Let a = -23 + 40. Suppose -u*w = -9*w + a. What is the tens digit of w?
1
Suppose -4*k = -4*i, k + 3*i + 8 + 8 = 0. Let f = -11 - k. Let n(u) = -u**3 - 8*u**2 - 6*u + 10. What is the units digit of n(f)?
3
Suppose -4*n + 27 = 7. Let i = -3 + n. Suppose -3*m + 50 = i*m. What is the tens digit of m?
1
Suppose -1 + 0 = -t. Let l(m) = 10*m. What is the tens digit of l(t)?
1
Let q(u) = -4*u + 2. What is the units digit of q(-6)?
6
Suppose 20 = 2*w + 2*w. Suppose -34 = w*z + 116. Let a = -18 - z. What is the units digit of a?
2
Suppose 20 = -3*y + 4*i + 91, y - 5*i - 20 = 0. What is the units digit of y?
5
Suppose -4*j - 1 = -9. Let s be 82/6 - j/3. Let r = -8 + s. What is the units digit of r?
5
Let g(s) = s + 6. What is the units digit of g(3)?
9
Suppose -2*n = -4 - 0. Suppose 5*w - 47 = -212. What is the units digit of w/(-5) + n/5?
7
Let z(u) = 4*u. What is the units digit of z(1)?
4
Let z = -13 - -18. Suppose 2*r - 54 = -5*p, p - 22 - z = 5*r. What is the units digit of 76/p - 1/3?
6
What is the tens digit of 3 - 1 - 942/(-3)?
1
Let p = -6 - -11. Suppose -4*i = -p*x + 6*x - 79, 22 = i + x. What is the units digit of i?
9
Let g be (-6)/21 + 248/(-14). What is the units digit of g/(-4)*4/9?
2
Let j(c) = 3*c**2 + 3*c + 31. Let l(d) = -10*d**2 - 10*d - 93. Let r(g) = 7*j(g) + 2*l(g). What is the units digit of r(0)?
1
Suppose -2*l = 2, 239 = -3*f + 6*f + 4*l. What is the units digit of f?
1
Let o(s) be the third derivative of s**6/120 - 11*s**5/60 - 5*s**4/12 - s**3/3 - 4*s**2. What is the tens digit of o(12)?
2
Let t = 23 + -13. What is the units digit of 8/20 + 46/t?
5
Suppose 2*r = -3*l - 76, -23 - 45 = 2*l - 3*r. What is the tens digit of 0 + -1 - (2 + l)?
2
Suppose 3*s + 12 = -0*s. Let h(r) = r**2 - 4. What is the units digit of h(s)?
2
What is the units digit of (-6)/27 + (-2388)/(-54)?
4
Suppose 4*t - 84 = -0*t + 2*b, 0 = -5*b - 10. Let y = t + -13. What is the units digit of y?
7
Let q be 6/(-9) + (-38)/(-3). Suppose -5*z + q + 28 = 5*r, -2*r = z - 13. Suppose -z*w + 7*u + 33 = 4*u, -3*w = -u - 29. What is the units digit of w?
9
Let k = 108 - -57. What is the tens digit of k?
6
Suppose -4*u + 5*c + 80 = -263, 4*u = -3*c + 319. What is the units digit of u?
2
Suppose -w + 2*p - 196 = -3*w, 5*p = -3*w + 284. What is the hundreds digit of w?
1
Let x be (-1 + 0)/((-5)/25). Suppose -u + 7 = 5*n - 31, -3*u + 54 = -x*n. What is the units digit of u?
3
Let